*t**2 - 9*t - 51. Suppose -2*f + 5*f - 162 = 0. What is the remainder when f is divided by z(14)?
16
Suppose -v = -4*s - s - 13, 0 = -5*s + 10. Suppose 36 = 2*j + j. What is the remainder when v is divided by j?
11
Let t = 17 - 10. Calculate the remainder when 27 is divided by t.
6
Suppose 2 = -2*w, -3*j - w - 11 + 46 = 0. Let r = j - -12. Calculate the remainder when r is divided by 13/(2 - (-1 + 2)).
11
Let h(d) = -d**3 - 9*d**2 - 3*d - 11. Calculate the remainder when 78 is divided by h(-9).
14
Calculate the remainder when ((-8)/(-10))/((-6)/(-165)) is divided by 12.
10
Let w = 88 + -67. Calculate the remainder when 40 is divided by w.
19
Let l(w) = -3*w + 9. What is the remainder when 154 is divided by l(-1)?
10
Let u be (4 + 1)*22/5. Let m = u + 19. Suppose 0 = 4*h - 3*n - m, h - 10 = 3*n + 7. Calculate the remainder when h is divided by 5.
3
What is the remainder when 21 is divided by (1/(-3))/(2/(-48))?
5
Let w be 4/12 - 26/6. Let y(o) = -2*o - 5. Calculate the remainder when 8 is divided by y(w).
2
Let g be ((-3)/(-6) + -1)*0. Suppose 2*s - 16 = -4*u, 5*u + g*s = -2*s + 20. Calculate the remainder when 6 is divided by u.
2
Suppose -2*b + 29 = -147. Suppose -110 = -5*m + 2*g + 40, 2*m = 4*g + 60. Calculate the remainder when b is divided by m.
28
Suppose 4*f - 3 - 5 = 0. Let c = 20 + -6. Suppose 0 = 3*g - 2*t - 6, -5*g - 2*t + c = -4*t. What is the remainder when g is divided by f?
0
Let s(k) = k**2 - 3*k. Let n be s(4). Suppose n*z = -0*z + 164. Calculate the remainder when z is divided by 14.
13
Let x = 4 - 13. Let f(i) = i**2 + 8*i - 7. Let a be f(x). Suppose -n + 45 = a*n. Calculate the remainder when 43 is divided by n.
13
What is the remainder when 6 is divided by 2/4 + 5/2?
0
Let o = 10 - 8. Let t(x) = 3*x**2 + 4*x + 0*x**2 + 5 - 4*x**o. What is the remainder when 13 is divided by t(4)?
3
Let u = -7 - -5. Let r(g) = g**3 + g**2 - g - 1. Let x be r(-2). What is the remainder when 1 + x - (u + -3) is divided by 2?
1
Let c = 1 + -12. Let g = 24 + c. Suppose -p + 2 = 0, 4*p = 3*w + w - 140. Calculate the remainder when w is divided by g.
11
Suppose 0 = -3*j + 5*b, -3*j + 5*b - 12 = 4*b. Let m = j + 3. Calculate the remainder when 2 is divided by 3 - (4 - (-4)/m).
0
Suppose 3*t - 2*t - 6 = 0. Let x(k) = k + 2 + t + 4. Calculate the remainder when 35 is divided by x(0).
11
Calculate the remainder when 67 is divided by 32/2 - 6/(-3).
13
Let h = -33 + 58. Suppose -z = 4*z - h. Calculate the remainder when (0 - -1) + (14 - 2) is divided by z.
3
Let l(w) = -2*w - 3. What is the remainder when l(-3) is divided by 1?
0
Let u = -15 - -88. What is the remainder when u is divided by 20?
13
Let x = 28 - 13. Calculate the remainder when x is divided by 9.
6
Suppose 5*t = -2*z + 65, z + 50 = 3*z + 2*t. Calculate the remainder when z is divided by 3.
2
Suppose 3*a = -2*v - 0*a + 125, -238 = -4*v - 2*a. Suppose -6*d + 75 + 15 = 0. Calculate the remainder when v is divided by d.
13
Suppose -w + 21 = -4*b, 4*b = 2*b + w - 11. Let r = b + 9. Suppose -r*l + 2 = 6, 2*l = -p + 2. Calculate the remainder when p is divided by 3.
1
Suppose -4*q + 14 = -54. What is the remainder when 32 is divided by q?
15
Let f = 4 - -11. Calculate the remainder when 40 is divided by f.
10
Let t be -43 - 9/6*-2. Let h = t + 66. Calculate the remainder when 75 is divided by h.
23
Let z(q) = -q + 6. Calculate the remainder when z(-5) is divided by 3.
2
Suppose -r - 25 = -5*d, -2*r - 2*d - 2 = -0*d. Let q(o) = 6*o**2 - o + 0*o**3 + 5 + o**3 + 5*o. What is the remainder when 28 is divided by q(r)?
8
Suppose 5 = -t - 3*u - 0, -4*t + 1 = 5*u. Let p = 1 + t. Calculate the remainder when p is divided by 4.
1
Suppose v - 21 - 5 = -a, 0 = -3*a + 3. What is the remainder when 42 is divided by v?
17
Let c(n) = -n**2 + 6*n + 13. What is the remainder when 18 is divided by c(7)?
0
Let b be ((-16)/5)/(6/(-15)). Suppose -c = c - b. What is the remainder when 9 is divided by c?
1
Let r(j) = -j + 6. Let x be r(-6). Suppose 5*g = d + 69, -g + x = -3*d + 1. What is the remainder when 37 is divided by g?
9
Let g(b) = -4*b**2 - 5*b**2 + 6*b - 5 + b**2 + 4 + b**3. Calculate the remainder when g(8) is divided by 12.
11
Suppose w - 4 = m + 2*m, 3*m - 2 = -5*w. Calculate the remainder when 55 is divided by 19*(3 - (m - -3)).
17
Let a(t) = -t**2 - 8*t + 2. What is the remainder when a(-6) is divided by 155/30 - (-1)/(-6)?
4
Suppose -1 = r + 3. Let s = r + 6. Let b = -9 + 12. What is the remainder when b is divided by s?
1
What is the remainder when (0 + 2)*7/1 is divided by 4?
2
Suppose -6*s + 210 = 36. Calculate the remainder when s is divided by 0/3 + 16/2.
5
Suppose -2*s = 5*n - 27, -s + 2 = s. Suppose -9*m = -98 - 55. Calculate the remainder when m is divided by n.
2
Let i(m) = 5*m**2 - m. Let t be i(-1). What is the remainder when 31 is divided by t/10 - (-52)/5?
9
Let v(h) = -6*h**3 + h**2 - 3*h - 3. Let k(a) = a**3 + a**2 - 2*a - 2. Let q be k(-2). Let f(b) = 6*b - 5. What is the remainder when v(q) is divided by f(4)?
17
Let t be (21/(-14))/((-6)/8). Suppose d = t*d - 4. Calculate the remainder when 7 is divided by d.
3
Let y = -3 + 1. Suppose t = 7*t - 6. What is the remainder when 29 is divided by -2 - t*(y - 15)?
14
Let y(g) = -g**2 + 8*g - 5. Let k(m) = -5*m**3 + 1. Let s be k(-1). Calculate the remainder when y(s) is divided by 15/4 - 2/(-8).
3
Let h(u) = 6*u**3 - 1. Let n be h(1). Suppose 0*w - 65 = -n*w + 2*c, -2 = -2*w - 4*c. What is the remainder when w is divided by 4?
3
Suppose 4*j + 2 = 4*z + 6, -2*j + 8 = z. Suppose -5*c + 25 = -15. Calculate the remainder when c is divided by j.
2
Let s(b) = 6*b + 9. What is the remainder when s(5) is divided by 14?
11
Suppose 5*t + 4*c - 8 = 0, c - 5*c = -5*t + 32. Suppose i - 1 = t. Suppose u - 3*q + 5 = -1, 2*u + 8 = i*q. What is the remainder when 16 is divided by u?
4
Suppose 21 = 5*o + 6. Suppose 0 = 4*x - 5*x - o. Let r = x - -14. Calculate the remainder when 32 is divided by r.
10
Let b(d) = d**2 - 4*d + 26. What is the remainder when b(0) is divided by 9?
8
Suppose 2*x + 49 = 2*m - 41, 4*m - 3*x = 183. Calculate the remainder when m is divided by 5/(-2)*(-30)/3.
23
Let z = -85 - -101. What is the remainder when 61 is divided by z?
13
Let s = 44 + -30. What is the remainder when 40 is divided by s?
12
Let n = 31 + -8. Calculate the remainder when n is divided by 12.
11
Let u(j) = -8*j**2 + 5*j + 2. Let i(s) = 7*s**2 - 5*s - 1. Let n(h) = 6*i(h) + 5*u(h). Let b = 3 + 1. What is the remainder when 46 is divided by n(b)?
14
Let x(v) = v**2 + 16*v + 43. Calculate the remainder when 24 is divided by x(-13).
0
Suppose -p + 0*p + 4*v + 17 = 0, 5*v = 2*p - 25. Suppose -p = -n + 2. Calculate the remainder when n is divided by 4.
3
Let a be (-1 - 8)/1 - -1. Let d(b) = b + 15. Let p be d(a). Let j = p - -6. What is the remainder when 24 is divided by j?
11
Suppose -4*s + 9*s = -45. Let n(j) = -j**3 - 4*j**2 + 4*j - 2. What is the remainder when (3/s)/(3/(-81)) is divided by n(-5)?
0
Let i = -4 + 6. Suppose 4*u - 3 = -7, -i*k + 10 = 4*u. Calculate the remainder when 13 is divided by k.
6
Suppose 29 - 5 = 4*q - 4*x, 3*x - 42 = -3*q. What is the remainder when 19 is divided by q?
9
Let q = 13 + -8. Suppose -3*i + 28 = -q. Calculate the remainder when 31 is divided by i.
9
What is the remainder when 1 is divided by (3/3*-3)/(-3)?
0
Suppose 9 = -6*v + 5*v. Let a = v - -14. What is the remainder when 7 is divided by a?
2
Let z = -1 + 7. Suppose -z*l = -5*l - 4. What is the remainder when -1*2 + 28/l is divided by 2?
1
Let w = 233 - 140. Suppose -3*v - 30 = -w. What is the remainder when v is divided by 6?
3
Let b = -15 + 26. Calculate the remainder when b is divided by 6/(-1*4/(-4)).
5
Let h(i) = 53*i**2 - 1 + 4*i - 4*i + 0 - i. What is the remainder when h(-1) is divided by 12/(-1)*21/(-14)?
17
Suppose 0*z + 3*b = z + 7, -5*z + b - 77 = 0. Let u = -9 - z. What is the remainder when 12 is divided by u?
5
Let h = 65 + -59. What is the remainder when 46 is divided by h?
4
Let d = 107 + 73. Calculate the remainder when 14 is divided by d/42 - (-4)/(-14).
2
Suppose t - 27 = -2*h - 0*t, 3*t + 95 = 5*h. What is the remainder when 29 is divided by h?
13
Let k = 71 + -64. Let y = -46 - -64. Calculate the remainder when y is divided by k.
4
Suppose 4*i - 5*m 